2300 and 2025.
25
Calculate the greatest common factor of 78 and 1885566.
6
What is the greatest common divisor of 822 and 842964?
6
What is the highest common factor of 183250144 and 28?
28
Calculate the greatest common factor of 27783960 and 276.
12
Calculate the highest common factor of 12454 and 1917448.
26
Calculate the highest common factor of 472198 and 29899.
1031
Calculate the greatest common divisor of 25 and 513083.
1
Calculate the greatest common divisor of 230665781 and 92.
23
What is the highest common factor of 128270246 and 81952?
5122
What is the greatest common factor of 52 and 9144291?
13
What is the greatest common divisor of 49318848 and 48?
48
Calculate the highest common factor of 4 and 103060676.
4
What is the highest common factor of 4635162 and 909?
9
Calculate the highest common divisor of 35899284 and 912.
228
Calculate the greatest common divisor of 91 and 634192.
13
Calculate the highest common factor of 671 and 30280217.
671
What is the greatest common factor of 6076 and 6453580?
868
What is the greatest common factor of 53 and 51653747?
53
What is the highest common divisor of 629965 and 51947?
287
Calculate the greatest common factor of 3188 and 4270539596.
3188
What is the highest common factor of 2136036 and 7266?
42
What is the greatest common divisor of 641660350 and 14020?
7010
What is the greatest common factor of 1443620 and 235?
5
What is the greatest common factor of 135908 and 386008?
244
Calculate the greatest common factor of 8188736 and 33856.
1472
Calculate the highest common divisor of 558 and 11439837.
279
Calculate the greatest common factor of 48 and 390228.
12
Calculate the greatest common divisor of 10602 and 94962.
114
What is the greatest common factor of 169 and 4977349?
13
Calculate the highest common divisor of 3084 and 4005564.
12
Calculate the greatest common factor of 1432372 and 41078.
1786
What is the greatest common factor of 1539 and 293109732?
513
What is the greatest common factor of 6363 and 146269109?
707
What is the greatest common factor of 2171990 and 102?
2
Calculate the highest common divisor of 73227 and 36960.
231
Calculate the greatest common factor of 206746 and 37742.
334
Calculate the highest common divisor of 597 and 63606171.
597
What is the greatest common divisor of 5207535 and 62?
31
Calculate the greatest common factor of 16948660 and 136.
68
What is the greatest common divisor of 32290407 and 418382?
3947
What is the highest common factor of 78784275 and 75?
75
What is the highest common divisor of 86 and 24270963?
43
Calculate the highest common factor of 546 and 3443232.
78
What is the greatest common factor of 1311326 and 424?
106
What is the highest common factor of 6563925 and 1476?
9
Calculate the highest common factor of 72 and 153679384.
8
What is the highest common factor of 1045334 and 4573?
269
Calculate the highest common divisor of 766865 and 1196470.
4015
What is the highest common factor of 102159639 and 9?
9
Calculate the highest common divisor of 325 and 8016450.
325
What is the greatest common factor of 81 and 54738945?
9
Calculate the highest common factor of 6840 and 11850984.
1368
Calculate the greatest common factor of 320 and 169116080.
80
What is the highest common factor of 15792 and 278898?
282
Calculate the highest common divisor of 18245 and 26330.
5
What is the highest common factor of 1953 and 36121743?
63
Calculate the highest common factor of 63300 and 181000.
100
What is the greatest common divisor of 1006744 and 9272?
488
What is the highest common divisor of 217 and 160858411?
217
Calculate the highest common divisor of 2046 and 390214143.
1023
Calculate the highest common divisor of 7513169 and 5001.
1667
Calculate the greatest common divisor of 92 and 11231291.
23
What is the highest common factor of 3779528 and 688?
344
What is the highest common divisor of 1960362 and 1152?
18
Calculate the highest common factor of 2049 and 342427514.
683
What is the highest common factor of 47232 and 2962291?
41
What is the greatest common factor of 4956 and 17339392?
1652
What is the greatest common divisor of 66 and 26139993?
33
What is the highest common divisor of 2488236 and 4848?
1212
What is the greatest common divisor of 193 and 1525159919?
193
What is the highest common divisor of 280748080 and 240?
80
What is the greatest common factor of 98757360 and 2080?
1040
Calculate the greatest common factor of 217731405 and 8595.
2865
Calculate the highest common divisor of 75185725 and 25.
25
Calculate the highest common factor of 928 and 389093.
29
Calculate the greatest common factor of 3474790 and 230.
10
What is the greatest common factor of 10586 and 1224492?
134
What is the greatest common divisor of 7030 and 6271870?
370
What is the highest common divisor of 298514494 and 1182?
394
Calculate the greatest common factor of 2431 and 148720.
143
What is the highest common divisor of 30 and 10991958?
6
Calculate the highest common factor of 488 and 1230858.
122
What is the greatest common factor of 37772 and 12866?
14
What is the greatest common divisor of 257094101 and 5588?
1397
What is the greatest common factor of 313651996 and 3416?
1708
What is the greatest common factor of 339530 and 1633318?
3574
Calculate the greatest common divisor of 168 and 512474564.
28
What is the greatest common divisor of 27511 and 29900431?
671
Calculate the highest common factor of 324654369 and 9.
3
What is the highest common divisor of 23505287 and 4952?
619
What is the highest common divisor of 11 and 1945133?
1
Calculate the greatest common factor of 16499272 and 1720.
344
What is the greatest common divisor of 41214 and 15798?
6
What is the greatest common divisor of 6 and 17036862?
6
Calculate the highest common divisor of 30215626 and 224.
14
What is the greatest common divisor of 3245 and 28423958?
59
What is the highest common factor of 4410 and 156282?
42
Calculate the greatest common factor of 462321298 and 46.
46
What is the greatest common divisor of 933600509 and 493?
493
Calculate the greatest common factor of 9086328 and 63.
9
Calculate the highest common factor of 1408 and 63133568.
128
Calculate the highest common divisor of 46878921 and 219.
219
What is the highest common divisor of 22294214 and 116?
58
What is the highest common divisor of 2368 and 9749944?
296
What is the highest common factor of 207 and 769445634?
69
What is the highest common factor of 237682 and 11247?
23
What is the greatest common factor of 109 and 23885388?
109
What is the greatest common factor of 274 and 434759636?
274
Calculate the highest common factor of 42 and 358407.
21
What is the highest common divisor of 10012472 and 3437?
491
What is the highest common factor of 72 and 58820072?
8
Calculate the greatest common factor of 107895736 and 234.
26
Calculate the highest common factor of 2074 and 18347702.
122
What is the greatest common factor of 2053902 and 186636?
906
What is the greatest common divisor of 765 and 48229020?
45
What is the highest common divisor of 5910528 and 6734?
962
Calculate the highest common divisor of 128915259 and 191.
191
What is the greatest common factor of 154261828 and 8556?
2852
Calculate the greatest common divisor of 24398151 and 1707.
1707
Calculate the greatest common factor of 6 and 23963262.
6
What is the greatest common factor of 204 and 2088204?
12
What is the highest common divisor of 2952631 and 121?
11
What is the greatest common divisor of 4264 and 1355224?
104
What is the greatest common divisor of 130 and 1586370?
10
Calculate the highest common factor of 78120 and 36216060.
1860
Calculate the highest common factor of 1281889 and 3871.
49
Calculate the greatest common factor of 96 and 10635576.
24
What is the greatest common divisor of 320 and 36214016?
64
Calculate the greatest common factor of 771292 and 11152.
164
What is the greatest common divisor of 11292999 and 8118?
123
Calculate the highest common divisor of 74210 and 5125.
205
What is the greatest common divisor of 12 and 209225721?
3
What is the highest common divisor of 65 and 9220445?
65
Calculate the greatest common factor of 27846 and 130819.
13
What is the greatest common factor of 3060 and 72856356?
204
What is the greatest common f